 = 28. What is the remainder when (36/(-10))/(7/210*-4) is divided by f?
13
Suppose 4*w = 4*a + 112, -1 = 5*a + 4. What is the remainder when w is divided by 10?
7
Let b(l) = -2*l - 9. Let s be b(-6). Let v(w) = w + w + 2*w - 4 - w**2 + s*w**3 - 6*w. Calculate the remainder when v(3) is divided by 21.
20
Let l(b) be the first derivative of b**4/4 + b**3 - b**2 - 3*b + 6. What is the remainder when l(-2) is divided by 2?
1
Let c(x) = x**2 + 8*x + 9. Suppose -2*j - 7 = -j. Let f be c(j). Suppose -15 = -5*l, 4*l = b + f*l + 2. What is the remainder when 6 is divided by b?
2
Let w(i) = 11*i + 2. Let f be (-18)/(-4) + (-3)/6. Suppose -2*n - d + 34 = 0, -19 = -2*n + d + 11. Calculate the remainder when w(f) is divided by n.
14
Suppose -2*t + 5*z + 65 = t, 4*z = 8. Calculate the remainder when t is divided by 13.
12
Let c = -165 + 302. What is the remainder when c is divided by 47?
43
Let a(v) = 6*v - 3. Let d(z) = -5*z + 4. Let s(n) = 4*a(n) + 5*d(n). What is the remainder when 44 is divided by s(-7)?
14
Let z be -14*1/6*3. Let m = 1 - z. Calculate the remainder when 15 is divided by m.
7
Let z = 8 + 9. Suppose 2*m - 3*m - 2*v - 140 = 0, -4*v = -m - 110. Calculate the remainder when z is divided by 6/(-21) - m/14.
8
Suppose 2*b = -3*o - 2*b + 121, 0 = 2*o - 5*b - 119. Calculate the remainder when o is divided by 12.
11
Let v = -36 - -86. Suppose -14 = 5*d - 4*u, -2*u = -2*d - 1 - 5. What is the remainder when v is divided by 12 - ((-3 - d) + 0)?
11
Suppose 0 + 4 = g + 2*l, 0 = -2*g - l + 8. Suppose -p = -g*p + 66. Let c = p - -15. What is the remainder when c is divided by 13?
11
Let g = 4 + -5. Let l be (g/2)/((-2)/24). Calculate the remainder when 13 is divided by ((-21)/l)/(2/(-4)).
6
Let w = 0 + 5. Suppose -4*b = w*i + 29 + 62, 0 = b + 2*i + 22. What is the remainder when 2 is divided by b/(-15) - 4/(-10)?
0
Let l(i) = -8*i + 4. Let x be l(-4). Let a = 59 - x. What is the remainder when a is divided by 24/14*(-1 - -8)?
11
What is the remainder when 37 is divided by 2/8*-1*(-308)/7?
4
Suppose 2*q + 372 = 6*q. Let d be 6/15 - q/(-5). Suppose -k = -5*y + d, -5*y + 3 = 5*k - 2*k. Calculate the remainder when 4 is divided by y.
1
Let d(z) = z**2 - 5*z - 4. What is the remainder when d(-3) is divided by 6?
2
Let f = 38 - 16. Let w = 114 - 51. Calculate the remainder when w is divided by f.
19
Let p(h) = -49*h + 2. Calculate the remainder when p(-1) is divided by 26.
25
Let l = 162 + -65. Suppose -f + 33 = -0*f. What is the remainder when l is divided by f?
31
Let l(w) = -w**2 - 15*w - 9. Let t be (-1)/4 + (-69)/12. What is the remainder when 10 + 2 + t/2 is divided by l(-14)?
4
Suppose 0 = -3*q + 179 - 74. Suppose z + 20 + 9 = i, -5*i + z = -125. Let x = q - i. What is the remainder when x is divided by 7?
4
Let u be 2/(46/(-16) - -3). Let r = u + -3. What is the remainder when r is divided by 8?
5
Let l = 36 - 17. What is the remainder when l is divided by (-84)/(-18)*(-3)/(-2)?
5
Let p(v) = v**3 + 19*v**2 + 16*v - 19. What is the remainder when p(-18) is divided by 2/10 + (-48)/(-10)?
2
What is the remainder when (3/(-5))/(7/(-385)) is divided by 9?
6
Let w be (0/2)/((-6)/(-2)). Suppose w = -4*q - 2*x + 54, 5*x - x + 46 = 3*q. Calculate the remainder when q is divided by 5.
4
Let x be (-1)/1 + (-1 - -3). Suppose -4*g + 13 = x. What is the remainder when 5 is divided by g?
2
Suppose 20 = 4*c - 168. Calculate the remainder when c is divided by 24.
23
Suppose 35 = 5*x + 5. Calculate the remainder when 17 is divided by ((-4)/x)/((-8)/120).
7
Suppose -6*q = -2*q - 304. Suppose r = -0*r + 2*z + 22, 110 = 4*r + 3*z. What is the remainder when q is divided by r?
24
Suppose 4*c + 2*t = 10, 8*c - 5*c - 12 = 3*t. Let i(h) = 1 + 24*h + h - c*h. What is the remainder when i(1) is divided by 8?
7
Suppose 3*r + 4 - 10 = 2*j, 3*r - 6 = -4*j. Let h = 3 + j. What is the remainder when h is divided by 2?
1
Let g = 19 + 1. Let z(v) = v**3 - 18*v**2 + 18*v + 40. What is the remainder when z(17) is divided by g?
17
Let y be -5*(0 - (-36)/15). Let q = 35 + y. Calculate the remainder when 67 is divided by q.
21
Let r be 7 + -2 + -1 + 0. Suppose -q + d - r = -12, 0 = 2*d - 8. What is the remainder when 23 is divided by q?
11
Suppose -c + 5*q + 21 = 0, -6 = -4*q - 22. Let z(g) be the third derivative of 3*g**6/20 - g**5/60 - 2*g**2. Calculate the remainder when z(c) is divided by 6.
5
Let n be -1 - (20/2 - -1). Let p(d) = 6*d**2 - d - 2. Let r be p(2). Let k = n + r. Calculate the remainder when 23 is divided by k.
7
Suppose 220 = 5*m + 650. Suppose -12 = -3*c - 2*j, 3*c + 0*c + 5*j - 21 = 0. Calculate the remainder when 35 is divided by c/(-7) + m/(-7).
11
Suppose -2*p + 33 = s + 2*s, 2*p = s - 11. Let q(j) = j**2 - 4*j + 5. Let h be q(5). Let f = -6 + h. What is the remainder when s is divided by f?
3
Let m(q) = 2*q + 2. Suppose -2*x - 9*x + 429 = 0. Calculate the remainder when x is divided by m(4).
9
Let m(w) = -5*w - 1. Suppose -3*c + 2*c = -2*d - 5, d + 2*c = 5. Let h be m(d). What is the remainder when (-40)/(-6)*6/h is divided by 4?
2
Let w(c) = c**3 - 8*c**2 + 6. Calculate the remainder when w(8) is divided by (-5)/2*-2 - 3.
0
Suppose 4*t - 2*t = -5*p + 745, 4*t = 5*p - 775. What is the remainder when p is divided by 38?
37
Let n = -15 - -11. Calculate the remainder when 93 is divided by 664/28 + n/(-14).
21
Suppose 0 = -t + 5 + 35. Calculate the remainder when t is divided by 14.
12
Let c = 30 + -18. What is the remainder when 44 is divided by c?
8
Calculate the remainder when 23 is divided by (-18)/(-2) + -2*1 - 2.
3
Let y(t) = t**2 + 2*t + 5. What is the remainder when 56 is divided by y(4)?
27
Let g(b) = -10*b. Let l(f) = -f**3 + 11*f**2 + f - 14. Let r be l(11). What is the remainder when g(r) is divided by 11?
8
Suppose -z + 6*z + 1 = 2*s, 5*z - 5 = 0. Suppose 5*c - s = 62. Calculate the remainder when 24 is divided by c.
11
Let c(d) = d**2 - 14*d + 49. Let z(g) = -4*g + 5. Calculate the remainder when z(-6) is divided by c(3).
13
Suppose 2*n = -0*n. Suppose n = -o - 4*o. Let k = 2 - o. What is the remainder when 4 is divided by k?
0
Suppose -i - 3*i + 28 = r, -4*r - i + 67 = 0. What is the remainder when 5 + 11/(44/224) is divided by r?
13
Let t(z) = z**2 + 5*z + 2. Let f be t(-5). Suppose 4*g = 2*n + f*g - 16, -n + 2*g = -13. Suppose 3*x - 8 = -2. Calculate the remainder when n is divided by x.
1
Let w(l) = -l + 11. What is the remainder when 17 is divided by w(2)?
8
Let h(g) = 5*g**2 + g. Let r(a) = 12*a**2 + 2*a - a - 4*a + 4*a. What is the remainder when r(-1) is divided by h(-1)?
3
Let d = 34 + -16. What is the remainder when 3/(2/(208/6)) is divided by d?
16
Let y(w) = w**2 + 13*w + 43. Calculate the remainder when y(-20) is divided by 46.
45
What is the remainder when (-160)/(-2) + -3 + -2 is divided by 19?
18
Let i be (-2 - -4 - 0) + 2. Suppose 0 = 3*k + q - 10 - 1, -2 = 2*k - 4*q. Calculate the remainder when 1/i - (-57)/12 is divided by k.
2
Calculate the remainder when 15 is divided by (-2)/(2*(3 + (-39)/12)).
3
Let a = -37 + 62. Suppose -5*o + 3*h = -4*o - a, -h - 40 = -2*o. Let r(t) = t + 1. What is the remainder when o is divided by r(6)?
5
Let l(c) = 9*c**3 + c**2 + c. Let v be l(-1). Let n = v - -28. Calculate the remainder when 54 is divided by n.
16
Let t(s) = 7*s - 14. What is the remainder when 27 is divided by t(3)?
6
Let z(p) = -p**3 - p**2 - 3*p - 3. Suppose -3*u = -2*k + 1 + 5, 3*u = -4*k - 6. Calculate the remainder when (-22)/(-3 + 2 + -1) is divided by z(u).
4
Let w(z) = z**3 + 3*z**2 - 2*z + 2. What is the remainder when 13 is divided by w(-3)?
5
Suppose m = 2*m - 47. What is the remainder when m is divided by 7?
5
Suppose -2*k - 4*u + 27 = 1, -2*u = 8. What is the remainder when k is divided by 12?
9
Suppose -2*s + 22 = 8. What is the remainder when s is divided by 2?
1
Suppose -4*t = -5*t + 4. Suppose 3*x + 6 = t*x. Let u = 38 + -28. Calculate the remainder when u is divided by x.
4
Let t = -3 + 4. Let d = t + 1. Suppose -14 = d*r - 4*r. What is the remainder when 11 is divided by r?
4
Let z = 7 + -4. Suppose 0 = d - z, -d - 142 = -9*w + 4*w. Let a = 151 - 141. What is the remainder when w is divided by a?
9
Let w = -9 + 19. Let c = -260 + 297. What is the remainder when c is divided by w?
7
Let i be ((-132)/9)/((-4)/6). Let